se w = -5*z - v, w - 5*z = -w + 39. What is the units digit of (w/(-9))/((-2)/6)?
4
Let l be 504/(-9) + -1 + -1. Let z = l + 88. What is the tens digit of z?
3
Let c be 5*2*(15/(-10))/(-3). Let g(y) = 3*y**2 + 6*y - 1. What is the units digit of g(c)?
4
Suppose -4*a + 5*a + 56 = 0. Let b be (32/a)/((-1)/7). Suppose 0*l - 74 = -2*l + j, b*j - 211 = -5*l. What is the tens digit of l?
3
Suppose 2*s - 43 + 15 = 0. Let p = -22 + s. What is the units digit of (-114)/p + 5/(-20)?
4
Let a be 4 - (-5)/((-5)/2). Let z(p) = a*p**3 - 3*p**2 + 0 + 2*p**2 - 1. What is the tens digit of z(2)?
1
Let n be ((-24)/30)/((-4)/10). Suppose 4*b = 5*g - 0*g - 102, 38 = n*g - 3*b. What is the tens digit of g?
2
Let n be 2 + -3 - 1 - 0. Let c be 123 + 4/n + 3. Suppose 0 = -4*f + 5*b + c, -3*f - 6*b = -5*b - 74. What is the units digit of f?
6
Suppose -2*f = -3*k - f + 1481, 3*k - 1479 = 3*f. Suppose 3*b = n + n - 498, b = 2*n - k. What is the tens digit of n?
4
Suppose 16582 = 4*z + 5*s, 3*z + 8282 = 5*z - 2*s. What is the tens digit of z?
4
Suppose -q + 1050 = 5*y, -y + 4*y + 4*q - 613 = 0. Let o = -97 + y. What is the tens digit of o?
1
What is the hundreds digit of (-108375)/(-875) - 1/(-7)?
1
Suppose 3*x = 13 + 2. Suppose -429 = -3*o - 3*q + 2*q, 2*o + x*q = 273. What is the units digit of o?
4
Let s be 3*-1*(18 - 17). What is the tens digit of (-2)/9 + s/((-27)/1406)?
5
Let c(y) = -175*y - 130. What is the hundreds digit of c(-8)?
2
Let y = -345 + 640. Suppose 0*q + 218 = 2*q + 2*r, -5*r = -3*q + y. What is the units digit of q?
5
Let s(p) be the first derivative of 0*p + 1 + 2/3*p**3 + 2*p**2. What is the tens digit of s(-4)?
1
Suppose 5*h = 3579 + 486. What is the tens digit of h?
1
Suppose -2*o + 3 = -5*k, -3*o = k + 26 - 5. Let j(u) = -u**3 + u**2 + 9*u - 3. What is the units digit of j(o)?
5
Let t(m) = -m**3 + 22*m**2 - 61*m + 3. What is the hundreds digit of t(18)?
2
What is the tens digit of (10 + -14 - -2022) + 6 + 0?
2
Suppose -16*c + 318 = -10*c. Suppose 2*s = -p + 6*p + 109, 0 = s - 2*p - c. What is the tens digit of s?
4
Let g(a) = 34*a - 11. Let k = 72 - 68. What is the units digit of g(k)?
5
Let b(o) = -19*o + 45. Let t(w) = 7*w**2 - 38*w + 6. Let l be t(5). What is the tens digit of b(l)?
1
Let p(l) = 170*l - 1088. What is the thousands digit of p(34)?
4
Let u = -7834 - -13664. What is the thousands digit of u?
5
Let z(y) = -19*y**2 - 7. Let w(m) = -m**2 + m - 1. Let x(g) = 4*w(g) - z(g). What is the hundreds digit of x(-3)?
1
Let d be 4/(2*(-1 - -2)). Suppose d*i = -i + 84. Let x = 56 - i. What is the tens digit of x?
2
What is the units digit of 2920/60 - 14/21?
8
Suppose 5*k = -5*i + 2340, -2346 = 6*k - 11*k - 3*i. What is the hundreds digit of k?
4
Let h(q) = 203*q + 36*q**2 - 204*q + 14*q**2. What is the hundreds digit of h(2)?
1
What is the units digit of (-13)/((54/726)/(-9))?
3
Let s = 89 + -38. Suppose 16 = 3*w - w - 2*h, 5*h = -2*w + s. What is the tens digit of w?
1
Suppose -4*l + 4 = -0, -5*l = 5*k - 530. What is the tens digit of k?
0
Suppose 17 = -k - 3*r, 4*k - 4*r - 12 = -0*r. Let y be k/(-6) - (-1830)/45. Let z = -15 + y. What is the tens digit of z?
2
Suppose -5*h + 20 = 0, 4*s + s = -h + 634. What is the hundreds digit of s?
1
Let c = -292 + 747. What is the hundreds digit of c?
4
Let d be 282/24 + (-1)/(-4). Suppose d = 3*o - 15. Let q = o - -2. What is the units digit of q?
1
Suppose -1031 = -6*k + 1273. What is the hundreds digit of k?
3
Suppose 0 = -2*c + c. Let m(v) = v**2 + 2*v - 1. Let r be m(c). What is the tens digit of (-37 - (2 - -2))*r?
4
Let f(x) = -5*x**2 - 4*x + 2721. What is the tens digit of f(0)?
2
Let m be (12/(-10))/((-6)/(-40)). Let l = 10 + m. Suppose 5 = u - z - 6, 4*z + 28 = l*u. What is the units digit of u?
8
Suppose 8*b = -6*b + 2716. What is the hundreds digit of b?
1
Let x = 275 - 129. What is the tens digit of x?
4
Suppose 0 = 11*c - 6*c - 630. Let q = -84 + c. What is the tens digit of q?
4
Suppose 2*i + x - 8 = -1, -2 = -i + x. Suppose -4*j + 142 = 2*p, -5*j + 2*j = i*p - 228. What is the tens digit of p?
8
Let b = 1894 + -990. What is the hundreds digit of b?
9
Let t = 23 - 17. Let g(f) = f + 2. Let k be g(2). Suppose t*j - 98 = k*j. What is the tens digit of j?
4
Suppose -5*s + 16*x + 2626 = 17*x, -s = 4*x - 529. What is the hundreds digit of s?
5
Suppose -11 + 92 = 3*f. Let m = -1 - -7. Let h = f - m. What is the units digit of h?
1
Let b(o) = o**3 - 11*o**2 + 10*o + 1. Suppose 19 = -g - 2*z, -3*g + 5*g + 5*z = -40. Let f = g - -25. What is the units digit of b(f)?
1
Suppose -3*s + 577 + 1209 = 5*y, 0 = -s - 3. What is the units digit of y?
9
Let p(r) be the second derivative of -r**4/12 + 4*r**3/3 - r**2/2 - 5*r. Let h be p(5). Let z = h + 7. What is the tens digit of z?
2
Let o(w) = 168*w - 51. What is the hundreds digit of o(5)?
7
Let p = -82 + 122. Suppose -p*m + 38*m + 276 = 0. What is the units digit of m?
8
Let d(v) = v**3 - 4*v**2 + 33*v - 11. What is the tens digit of d(6)?
5
What is the tens digit of (963/(-6))/(9/(-6))?
0
Let z = -17 + 22. Let d = z + 100. What is the units digit of d?
5
Suppose 1822 = 5*n - 3433. What is the tens digit of n?
5
Suppose 0 = 4*z + 40 - 16. What is the units digit of (93/4)/(z/(-8))?
1
What is the units digit of (-663)/(-6) + 0 + 8/16?
1
Suppose 3*c + 6 = 0, 3*c - 292 - 146 = -4*d. Let z be -3*(-3 + d/(-9)). Suppose 4*r + w = 6*w + 226, -4*w + z = r. What is the tens digit of r?
5
Let s(r) = -7*r - 11. Let t(q) = -q. Let x(b) = -s(b) + 5*t(b). Let u(n) = -n - 5. Let j(z) = -9*u(z) - 4*x(z). What is the units digit of j(0)?
1
Suppose 2535 = 6*l + 639. What is the hundreds digit of l?
3
Let x = -114 - -557. What is the hundreds digit of x?
4
Let k(m) = -2*m**2 - 47*m - 11. Let n be k(-19). Suppose -3*o + n = -o. What is the units digit of o?
0
Suppose 0 = -25*n + 49*n - 45888. What is the units digit of n?
2
Suppose 782*o - 786*o + 3620 = 0. What is the hundreds digit of o?
9
Let y be 9/2*2464/(-24). What is the tens digit of 54/21*y/(-9)?
3
Let u(m) = -9*m - 12*m + 23*m - 16. Suppose 0 = 2*g - 5*l - 8, -2*l = -g + 5. What is the units digit of u(g)?
2
Let v(w) be the second derivative of 11*w**3/6 - 5*w - 4. Let c = -4 - -8. What is the units digit of v(c)?
4
Suppose -4*g = 5*s - 11, 5*s - 2*g = 11 + 6. What is the hundreds digit of 3 - (s + -196 - 0)?
1
Suppose 352 = 10*d + d. Let s = d + 86. What is the hundreds digit of s?
1
Let p = 83 + -107. What is the units digit of (p/(-6) + 233)/((-6)/(-4))?
8
Let l = -10 + 12. Suppose -l*z + 2*c = c + 64, -21 = z + 5*c. Let m = z - -37. What is the units digit of m?
6
Suppose 14*z = 3*z + 66. What is the units digit of (-736)/(-12) + (-1 - (-4)/z)?
1
Suppose -b = w + 18 - 4, 2*w = -3*b - 42. Let c = 254 - b. What is the hundreds digit of c?
2
Let m be 2 - 0 - (-3 + -5). What is the units digit of 2/m + (-534)/(-30)?
8
Let f = 0 - -6. Suppose -f*g = -63 - 123. What is the units digit of g?
1
Suppose 0 = -z - 6 + 13. Suppose 641 = 4*l - 4*c + z*c, 2*l = -5*c + 303. What is the units digit of l?
4
Suppose -5*h + 0*r = r + 202, 4*h + 3*r + 155 = 0. Let v = 61 + h. Suppose -v*o + 30 = -17*o. What is the tens digit of o?
1
Suppose -4*g = -3*w + 5*w - 488, 5*w = -4*g + 1208. What is the tens digit of w?
4
Suppose d = 6*d - n - 48, 2*n = -3*d + 34. Let h = d + -8. What is the units digit of h?
2
Let t(q) = 13*q + 3. Let y(i) = -i + 12 - 6 + 2. Let d be y(6). What is the tens digit of t(d)?
2
Suppose -4*n + 44 = -4*x - 1756, -1805 = -4*n + 5*x. Suppose -4*g - g = -n. What is the tens digit of g?
8
Let h(k) = -16*k - 32. Let q be h(-6). Let o be (-3)/(3/(-65))*1. Suppose 3*j - q = o. What is the tens digit of j?
4
Let n = -9 + 11. Suppose 0 = 5*o + 5*u - 30, -5*o = -0*o - n*u - 23. Suppose -h - s = -7 - 6, -2*s = -o*h + 37. What is the units digit of h?
9
Let c(f) = -3*f**3 + 2*f**2 - 1. Let z be c(-1). Let p = z - -35. What is the tens digit of p?
3
Let f(z) = -z**3 - 41*z**2 + 81*z**2 - 36*z**2 - z. What is the tens digit of f(-4)?
3
Suppose z + 2*c = 229 + 308, 5*c + 2685 = 5*z. What is the units digit of z?
7
Suppose -16*o - 2*d + 5012 = -13*o, 5*o - 2*d - 8348 = 0. What is the units digit of o?
0
Suppose 0 = 2*u - 3*z - 193, 3*u - 2*z - 330 = -43. What is the tens digit of u?
9
Let s = 4260 - 2355. What is the te